{"id":1288,"date":"2026-01-28T13:21:36","date_gmt":"2026-01-28T12:21:36","guid":{"rendered":"https:\/\/friedrichskoogfewo.de\/nordsee\/?page_id=1288"},"modified":"2026-04-17T08:07:17","modified_gmt":"2026-04-17T06:07:17","slug":"preise-saisonzeiten","status":"publish","type":"page","link":"https:\/\/friedrichskoogfewo.de\/nordsee\/preise-saisonzeiten\/","title":{"rendered":"Preise und Saisonzeiten Ferienwohnungen in Friedrichskoog"},"content":{"rendered":"\n<div class=\"wp-block-uagb-container uagb-block-20a52c19 alignfull uagb-is-root-container\"><div class=\"uagb-container-inner-blocks-wrap\"><\/div><\/div>\n\n\n\n<div style=\"padding: 30px; max-width: 1000px; margin: auto;\">\n\n  <h2 style=\"margin-bottom: 20px; text-align: center;\">\n    Preise und Saisonzeiten 2026<br>\n    Ferienwohnungen in Friedrichskoog\n  <\/h2>\n  <p>Alle Preise verstehen sich pro Nacht und Wohnung. \u00c4nderungen vorbehalten.<\/p>\n\n  <h3 style=\"margin-top: 30px;\">\u00dcbernachtungspreise<\/h3>\n\n  <div style=\"overflow-x:auto;\">\n    <table style=\"width:100%; border-collapse: collapse; margin-top: 15px;\">\n      <thead>\n        <tr style=\"background:#f5f5f5;\">\n          <th style=\"padding:10px; border:1px solid #ddd;\">Reisezeit<\/th>\n          <th style=\"padding:10px; border:1px solid #ddd;\">Krabbe<br><small>4 Personen<\/small><\/th>\n          <th style=\"padding:10px; border:1px solid #ddd;\">Robbe<br><small>2 Personen<\/small><\/th>\n          <th style=\"padding:10px; border:1px solid #ddd;\">M\u00f6we<br><small>4 Personen<\/small><\/th>\n        <\/tr>\n      <\/thead>\n      <tbody>\n        <tr>\n          <td style=\"padding:10px; border:1px solid #ddd;\">05.01.\u201331.03.<\/td>\n          <td style=\"padding:10px; border:1px solid #ddd;\">60 \u20ac<\/td>\n          <td style=\"padding:10px; border:1px solid #ddd;\">55 \u20ac<\/td>\n          <td style=\"padding:10px; border:1px solid #ddd;\">52 \u20ac<\/td>\n        <\/tr>\n        <tr>\n          <td style=\"padding:10px; border:1px solid #ddd;\">01.04.\u201330.06.<\/td>\n          <td style=\"padding:10px; border:1px solid #ddd;\">72 \u20ac<\/td>\n          <td style=\"padding:10px; border:1px solid #ddd;\">68 \u20ac<\/td>\n          <td style=\"padding:10px; border:1px solid #ddd;\">62 \u20ac<\/td>\n        <\/tr>\n        <tr>\n          <td style=\"padding:10px; border:1px solid #ddd;\">01.07.\u201331.08.<\/td>\n          <td style=\"padding:10px; border:1px solid #ddd;\">90 \u20ac<\/td>\n          <td style=\"padding:10px; border:1px solid #ddd;\">85 \u20ac<\/td>\n          <td style=\"padding:10px; border:1px solid #ddd;\">77 \u20ac<\/td>\n        <\/tr>\n        <tr>\n          <td style=\"padding:10px; border:1px solid #ddd;\">01.09.\u201331.10.<\/td>\n          <td style=\"padding:10px; border:1px solid #ddd;\">72 \u20ac<\/td>\n          <td style=\"padding:10px; border:1px solid #ddd;\">68 \u20ac<\/td>\n          <td style=\"padding:10px; border:1px solid #ddd;\">62 \u20ac<\/td>\n        <\/tr>\n        <tr>\n          <td style=\"padding:10px; border:1px solid #ddd;\">01.11.\u201321.12.<\/td>\n          <td style=\"padding:10px; border:1px solid #ddd;\">60 \u20ac<\/td>\n          <td style=\"padding:10px; border:1px solid #ddd;\">55 \u20ac<\/td>\n          <td style=\"padding:10px; border:1px solid #ddd;\">50 \u20ac<\/td>\n        <\/tr>\n        <tr>\n          <td style=\"padding:10px; border:1px solid #ddd;\">21.12.\u201304.01.<\/td>\n          <td style=\"padding:10px; border:1px solid #ddd;\">72 \u20ac<\/td>\n          <td style=\"padding:10px; border:1px solid #ddd;\">68 \u20ac<\/td>\n          <td style=\"padding:10px; border:1px solid #ddd;\">62 \u20ac<\/td>\n        <\/tr>\n      <\/tbody>\n    <\/table>\n  <\/div>\n\n  <h3 style=\"margin-top: 40px;\">Zusatzkosten<\/h3>\n  <ul>\n    <li><strong>Endreinigung:<\/strong><br>\n      Robbe: 90 \u20ac \u00b7 Krabbe: 95 \u20ac \u00b7 M\u00f6we: 90 \u20ac\n    <\/li>\n    <li><strong>Bettw\u00e4sche &#038; Handt\u00fccher:<\/strong> 18 \u20ac pro Person (optional)<\/li>\n    <li><strong>Haustier (nur Wohnung \u201eRobbe\u201c):<\/strong> 25 \u20ac<\/li>\n    <li><strong>Weitere Personen (Robbe):<\/strong> 5 \u20ac pro Nacht, max. 2 zus\u00e4tzliche Personen<\/li>\n  <\/ul>\n\n  <h3 style=\"margin-top: 30px;\">Kurabgabe Friedrichskoog<\/h3>\n  <p>\n    Die Kurabgabe wird je \u00dcbernachtung und Person erhoben:<br>\n    01.03.\u201330.04. &#038; 01.10.\u201330.10.: 1,70 \u20ac<br>\n    01.05.\u201330.09.: 2,50 \u20ac\n  <\/p>\n\n  <h3 style=\"margin-top: 30px;\">Mindestaufenthalt<\/h3>\n  <p>3 \u00dcbernachtungen<\/p>\n\n  <p style=\"margin-top: 40px;\"><strong>Gerne erstellen wir Ihnen ein individuelles Angebot.<\/strong><br>\n  E-Mail: <a href=\"mailto:buchungen@friedrichskoogfewo.de\">buchungen@friedrichskoogfewo.de<\/a><br>\n  Telefon: <a href=\"tel:+4915569248791\">+49 155 69248791<\/a><\/p>\n\n<\/div>\n\n\n\n<div class=\"wp-block-uagb-buttons uagb-buttons__outer-wrap uagb-btn__default-btn uagb-btn-tablet__default-btn uagb-btn-mobile__default-btn uagb-block-a7b91a77\"><div class=\"uagb-buttons__wrap uagb-buttons-layout-wrap \">\n<div class=\"wp-block-uagb-buttons-child uagb-buttons__outer-wrap uagb-block-f7ae6360 wp-block-button\"><div class=\"uagb-button__wrapper\"><a class=\"uagb-buttons-repeater wp-block-button__link\" aria-label=\"\" href=\"javascript:history.back()\" rel=\"follow noopener\" target=\"_self\" role=\"button\"><div class=\"uagb-button__link\">Zur\u00fcck<\/div><\/a><\/div><\/div>\n<\/div><\/div>\n\n\n\n<div class=\"wp-block-uagb-container custom-footer uagb-block-8975afc3 alignfull uagb-is-root-container\"><div class=\"uagb-container-inner-blocks-wrap\">\n<div class=\"footer-links\">\n  <a href=\"\/impressum\">Kontakt \/ Impressum<\/a> |\n  <a href=\"\/agb\">AGB<\/a> |\n  <a href=\"mailto:buchungen@friedrichskoogfewo.de\">buchungen@friedrichskoogfewo.de<\/a><br>\n<\/div>\n<div class=\"footer-copy\">\n  \u00a9 2026 Ferienwohnungen am Wattenmeer\n<\/div>\n<\/div><\/div>\n\n\n\n<p><\/p>\n","protected":false},"excerpt":{"rendered":"<p>Preise und Saisonzeiten 2026 Ferienwohnungen in Friedrichskoog Alle Preise verstehen sich pro Nacht und Wohnung. \u00c4nderungen vorbehalten. \u00dcbernachtungspreise Reisezeit Krabbe4 Personen Robbe2 Personen M\u00f6we4 Personen 05.01.\u201331.03. 60 \u20ac 55 \u20ac 52 \u20ac 01.04.\u201330.06. 72 \u20ac 68 \u20ac 62 \u20ac 01.07.\u201331.08. 90 \u20ac 85 \u20ac 77 \u20ac 01.09.\u201331.10. 72 \u20ac 68 \u20ac 62 \u20ac 01.11.\u201321.12. 60 [&hellip;]<\/p>\n","protected":false},"author":1,"featured_media":213,"parent":0,"menu_order":0,"comment_status":"closed","ping_status":"closed","template":"blank","meta":{"_uag_custom_page_level_css":"","footnotes":""},"class_list":["post-1288","page","type-page","status-publish","has-post-thumbnail","hentry"],"yoast_head":"<!-- This site is optimized with the Yoast SEO plugin v27.4 - https:\/\/yoast.com\/product\/yoast-seo-wordpress\/ -->\n<title>Preise &amp; Saisonzeiten, Ferienwohnungen am Wattenmeer<\/title>\n<meta name=\"description\" content=\"G\u00fcnstige Preise f\u00fcr Ihren Urlaub in Friedrichskoog. Buchen Sie hier direkt ohne Portal-Geb\u00fchren und sichern Sie sich den besten Preis!\" \/>\n<meta name=\"robots\" content=\"index, follow, max-snippet:-1, max-image-preview:large, max-video-preview:-1\" \/>\n<link rel=\"canonical\" href=\"https:\/\/friedrichskoogfewo.de\/nordsee\/preise-saisonzeiten\/\" \/>\n<meta property=\"og:locale\" content=\"de_DE\" \/>\n<meta property=\"og:type\" content=\"article\" \/>\n<meta property=\"og:title\" content=\"Preise &amp; Saisonzeiten, Ferienwohnungen am Wattenmeer\" \/>\n<meta property=\"og:description\" content=\"G\u00fcnstige Preise f\u00fcr Ihren Urlaub in Friedrichskoog. Buchen Sie hier direkt ohne Portal-Geb\u00fchren und sichern Sie sich den besten Preis!\" \/>\n<meta property=\"og:url\" content=\"https:\/\/friedrichskoogfewo.de\/nordsee\/preise-saisonzeiten\/\" \/>\n<meta property=\"og:site_name\" content=\"Ferienwohnungen am Wattenmeer\" \/>\n<meta property=\"article:modified_time\" content=\"2026-04-17T06:07:17+00:00\" \/>\n<meta property=\"og:image\" content=\"https:\/\/friedrichskoogfewo.de\/nordsee\/wp-content\/uploads\/2023\/05\/IMG_20201009_120735-scaled.jpg\" \/>\n\t<meta property=\"og:image:width\" content=\"2560\" \/>\n\t<meta property=\"og:image:height\" content=\"1280\" \/>\n\t<meta property=\"og:image:type\" content=\"image\/jpeg\" \/>\n<meta name=\"twitter:card\" content=\"summary_large_image\" \/>\n<meta name=\"twitter:label1\" content=\"Gesch\u00e4tzte Lesezeit\" \/>\n\t<meta name=\"twitter:data1\" content=\"2\u00a0Minuten\" \/>\n<script type=\"application\/ld+json\" class=\"yoast-schema-graph\">{\"@context\":\"https:\\\/\\\/schema.org\",\"@graph\":[{\"@type\":\"WebPage\",\"@id\":\"https:\\\/\\\/friedrichskoogfewo.de\\\/nordsee\\\/preise-saisonzeiten\\\/\",\"url\":\"https:\\\/\\\/friedrichskoogfewo.de\\\/nordsee\\\/preise-saisonzeiten\\\/\",\"name\":\"Preise & Saisonzeiten, Ferienwohnungen am Wattenmeer\",\"isPartOf\":{\"@id\":\"https:\\\/\\\/friedrichskoogfewo.de\\\/nordsee\\\/#website\"},\"primaryImageOfPage\":{\"@id\":\"https:\\\/\\\/friedrichskoogfewo.de\\\/nordsee\\\/preise-saisonzeiten\\\/#primaryimage\"},\"image\":{\"@id\":\"https:\\\/\\\/friedrichskoogfewo.de\\\/nordsee\\\/preise-saisonzeiten\\\/#primaryimage\"},\"thumbnailUrl\":\"https:\\\/\\\/friedrichskoogfewo.de\\\/nordsee\\\/wp-content\\\/uploads\\\/2023\\\/05\\\/IMG_20201009_120735-scaled.jpg\",\"datePublished\":\"2026-01-28T12:21:36+00:00\",\"dateModified\":\"2026-04-17T06:07:17+00:00\",\"description\":\"G\u00fcnstige Preise f\u00fcr Ihren Urlaub in Friedrichskoog. Buchen Sie hier direkt ohne Portal-Geb\u00fchren und sichern Sie sich den besten Preis!\",\"breadcrumb\":{\"@id\":\"https:\\\/\\\/friedrichskoogfewo.de\\\/nordsee\\\/preise-saisonzeiten\\\/#breadcrumb\"},\"inLanguage\":\"de\",\"potentialAction\":[{\"@type\":\"ReadAction\",\"target\":[\"https:\\\/\\\/friedrichskoogfewo.de\\\/nordsee\\\/preise-saisonzeiten\\\/\"]}]},{\"@type\":\"ImageObject\",\"inLanguage\":\"de\",\"@id\":\"https:\\\/\\\/friedrichskoogfewo.de\\\/nordsee\\\/preise-saisonzeiten\\\/#primaryimage\",\"url\":\"https:\\\/\\\/friedrichskoogfewo.de\\\/nordsee\\\/wp-content\\\/uploads\\\/2023\\\/05\\\/IMG_20201009_120735-scaled.jpg\",\"contentUrl\":\"https:\\\/\\\/friedrichskoogfewo.de\\\/nordsee\\\/wp-content\\\/uploads\\\/2023\\\/05\\\/IMG_20201009_120735-scaled.jpg\",\"width\":2560,\"height\":1280,\"caption\":\"Preise und Saisonzeiten Ferienwohnungen in Friedrichskoog, Weg am Deich\"},{\"@type\":\"BreadcrumbList\",\"@id\":\"https:\\\/\\\/friedrichskoogfewo.de\\\/nordsee\\\/preise-saisonzeiten\\\/#breadcrumb\",\"itemListElement\":[{\"@type\":\"ListItem\",\"position\":1,\"name\":\"Start\",\"item\":\"https:\\\/\\\/friedrichskoogfewo.de\\\/nordsee\\\/\"},{\"@type\":\"ListItem\",\"position\":2,\"name\":\"Preise und Saisonzeiten Ferienwohnungen in Friedrichskoog\"}]},{\"@type\":\"WebSite\",\"@id\":\"https:\\\/\\\/friedrichskoogfewo.de\\\/nordsee\\\/#website\",\"url\":\"https:\\\/\\\/friedrichskoogfewo.de\\\/nordsee\\\/\",\"name\":\"Ferienwohnungen am Wattenmeer-Ferien an der Nordsee-Auch mit Hund\",\"description\":\"Urlaub an der Nordsee \u2013 auch mit Hund\",\"publisher\":{\"@id\":\"https:\\\/\\\/friedrichskoogfewo.de\\\/nordsee\\\/#organization\"},\"potentialAction\":[{\"@type\":\"SearchAction\",\"target\":{\"@type\":\"EntryPoint\",\"urlTemplate\":\"https:\\\/\\\/friedrichskoogfewo.de\\\/nordsee\\\/?s={search_term_string}\"},\"query-input\":{\"@type\":\"PropertyValueSpecification\",\"valueRequired\":true,\"valueName\":\"search_term_string\"}}],\"inLanguage\":\"de\"},{\"@type\":\"Organization\",\"@id\":\"https:\\\/\\\/friedrichskoogfewo.de\\\/nordsee\\\/#organization\",\"name\":\"Ferienwohnungen am Wattenmeer\",\"url\":\"https:\\\/\\\/friedrichskoogfewo.de\\\/nordsee\\\/\",\"logo\":{\"@type\":\"ImageObject\",\"inLanguage\":\"de\",\"@id\":\"https:\\\/\\\/friedrichskoogfewo.de\\\/nordsee\\\/#\\\/schema\\\/logo\\\/image\\\/\",\"url\":\"https:\\\/\\\/friedrichskoogfewo.de\\\/nordsee\\\/wp-content\\\/uploads\\\/2025\\\/07\\\/Logo-Ferienwohnungen-am-Wattenmeer.png\",\"contentUrl\":\"https:\\\/\\\/friedrichskoogfewo.de\\\/nordsee\\\/wp-content\\\/uploads\\\/2025\\\/07\\\/Logo-Ferienwohnungen-am-Wattenmeer.png\",\"width\":1200,\"height\":800,\"caption\":\"Ferienwohnungen am Wattenmeer\"},\"image\":{\"@id\":\"https:\\\/\\\/friedrichskoogfewo.de\\\/nordsee\\\/#\\\/schema\\\/logo\\\/image\\\/\"}}]}<\/script>\n<!-- \/ Yoast SEO plugin. -->","yoast_head_json":{"title":"Preise & Saisonzeiten, Ferienwohnungen am Wattenmeer","description":"G\u00fcnstige Preise f\u00fcr Ihren Urlaub in Friedrichskoog. Buchen Sie hier direkt ohne Portal-Geb\u00fchren und sichern Sie sich den besten Preis!","robots":{"index":"index","follow":"follow","max-snippet":"max-snippet:-1","max-image-preview":"max-image-preview:large","max-video-preview":"max-video-preview:-1"},"canonical":"https:\/\/friedrichskoogfewo.de\/nordsee\/preise-saisonzeiten\/","og_locale":"de_DE","og_type":"article","og_title":"Preise & Saisonzeiten, Ferienwohnungen am Wattenmeer","og_description":"G\u00fcnstige Preise f\u00fcr Ihren Urlaub in Friedrichskoog. Buchen Sie hier direkt ohne Portal-Geb\u00fchren und sichern Sie sich den besten Preis!","og_url":"https:\/\/friedrichskoogfewo.de\/nordsee\/preise-saisonzeiten\/","og_site_name":"Ferienwohnungen am Wattenmeer","article_modified_time":"2026-04-17T06:07:17+00:00","og_image":[{"width":2560,"height":1280,"url":"https:\/\/friedrichskoogfewo.de\/nordsee\/wp-content\/uploads\/2023\/05\/IMG_20201009_120735-scaled.jpg","type":"image\/jpeg"}],"twitter_card":"summary_large_image","twitter_misc":{"Gesch\u00e4tzte Lesezeit":"2\u00a0Minuten"},"schema":{"@context":"https:\/\/schema.org","@graph":[{"@type":"WebPage","@id":"https:\/\/friedrichskoogfewo.de\/nordsee\/preise-saisonzeiten\/","url":"https:\/\/friedrichskoogfewo.de\/nordsee\/preise-saisonzeiten\/","name":"Preise & Saisonzeiten, Ferienwohnungen am Wattenmeer","isPartOf":{"@id":"https:\/\/friedrichskoogfewo.de\/nordsee\/#website"},"primaryImageOfPage":{"@id":"https:\/\/friedrichskoogfewo.de\/nordsee\/preise-saisonzeiten\/#primaryimage"},"image":{"@id":"https:\/\/friedrichskoogfewo.de\/nordsee\/preise-saisonzeiten\/#primaryimage"},"thumbnailUrl":"https:\/\/friedrichskoogfewo.de\/nordsee\/wp-content\/uploads\/2023\/05\/IMG_20201009_120735-scaled.jpg","datePublished":"2026-01-28T12:21:36+00:00","dateModified":"2026-04-17T06:07:17+00:00","description":"G\u00fcnstige Preise f\u00fcr Ihren Urlaub in Friedrichskoog. Buchen Sie hier direkt ohne Portal-Geb\u00fchren und sichern Sie sich den besten Preis!","breadcrumb":{"@id":"https:\/\/friedrichskoogfewo.de\/nordsee\/preise-saisonzeiten\/#breadcrumb"},"inLanguage":"de","potentialAction":[{"@type":"ReadAction","target":["https:\/\/friedrichskoogfewo.de\/nordsee\/preise-saisonzeiten\/"]}]},{"@type":"ImageObject","inLanguage":"de","@id":"https:\/\/friedrichskoogfewo.de\/nordsee\/preise-saisonzeiten\/#primaryimage","url":"https:\/\/friedrichskoogfewo.de\/nordsee\/wp-content\/uploads\/2023\/05\/IMG_20201009_120735-scaled.jpg","contentUrl":"https:\/\/friedrichskoogfewo.de\/nordsee\/wp-content\/uploads\/2023\/05\/IMG_20201009_120735-scaled.jpg","width":2560,"height":1280,"caption":"Preise und Saisonzeiten Ferienwohnungen in Friedrichskoog, Weg am Deich"},{"@type":"BreadcrumbList","@id":"https:\/\/friedrichskoogfewo.de\/nordsee\/preise-saisonzeiten\/#breadcrumb","itemListElement":[{"@type":"ListItem","position":1,"name":"Start","item":"https:\/\/friedrichskoogfewo.de\/nordsee\/"},{"@type":"ListItem","position":2,"name":"Preise und Saisonzeiten Ferienwohnungen in Friedrichskoog"}]},{"@type":"WebSite","@id":"https:\/\/friedrichskoogfewo.de\/nordsee\/#website","url":"https:\/\/friedrichskoogfewo.de\/nordsee\/","name":"Ferienwohnungen am Wattenmeer-Ferien an der Nordsee-Auch mit Hund","description":"Urlaub an der Nordsee \u2013 auch mit Hund","publisher":{"@id":"https:\/\/friedrichskoogfewo.de\/nordsee\/#organization"},"potentialAction":[{"@type":"SearchAction","target":{"@type":"EntryPoint","urlTemplate":"https:\/\/friedrichskoogfewo.de\/nordsee\/?s={search_term_string}"},"query-input":{"@type":"PropertyValueSpecification","valueRequired":true,"valueName":"search_term_string"}}],"inLanguage":"de"},{"@type":"Organization","@id":"https:\/\/friedrichskoogfewo.de\/nordsee\/#organization","name":"Ferienwohnungen am Wattenmeer","url":"https:\/\/friedrichskoogfewo.de\/nordsee\/","logo":{"@type":"ImageObject","inLanguage":"de","@id":"https:\/\/friedrichskoogfewo.de\/nordsee\/#\/schema\/logo\/image\/","url":"https:\/\/friedrichskoogfewo.de\/nordsee\/wp-content\/uploads\/2025\/07\/Logo-Ferienwohnungen-am-Wattenmeer.png","contentUrl":"https:\/\/friedrichskoogfewo.de\/nordsee\/wp-content\/uploads\/2025\/07\/Logo-Ferienwohnungen-am-Wattenmeer.png","width":1200,"height":800,"caption":"Ferienwohnungen am Wattenmeer"},"image":{"@id":"https:\/\/friedrichskoogfewo.de\/nordsee\/#\/schema\/logo\/image\/"}}]}},"uagb_featured_image_src":{"full":["https:\/\/friedrichskoogfewo.de\/nordsee\/wp-content\/uploads\/2023\/05\/IMG_20201009_120735-scaled.jpg",2560,1280,false],"thumbnail":["https:\/\/friedrichskoogfewo.de\/nordsee\/wp-content\/uploads\/2023\/05\/IMG_20201009_120735-150x150.jpg",150,150,true],"medium":["https:\/\/friedrichskoogfewo.de\/nordsee\/wp-content\/uploads\/2023\/05\/IMG_20201009_120735-300x150.jpg",300,150,true],"medium_large":["https:\/\/friedrichskoogfewo.de\/nordsee\/wp-content\/uploads\/2023\/05\/IMG_20201009_120735-768x384.jpg",768,384,true],"large":["https:\/\/friedrichskoogfewo.de\/nordsee\/wp-content\/uploads\/2023\/05\/IMG_20201009_120735-1024x512.jpg",1024,512,true],"1536x1536":["https:\/\/friedrichskoogfewo.de\/nordsee\/wp-content\/uploads\/2023\/05\/IMG_20201009_120735-1536x768.jpg",1536,768,true],"2048x2048":["https:\/\/friedrichskoogfewo.de\/nordsee\/wp-content\/uploads\/2023\/05\/IMG_20201009_120735-2048x1024.jpg",2048,1024,true]},"uagb_author_info":{"display_name":"Marcus","author_link":"https:\/\/friedrichskoogfewo.de\/nordsee\/author\/marcus\/"},"uagb_comment_info":0,"uagb_excerpt":"Preise und Saisonzeiten 2026 Ferienwohnungen in Friedrichskoog Alle Preise verstehen sich pro Nacht und Wohnung. \u00c4nderungen vorbehalten. \u00dcbernachtungspreise Reisezeit Krabbe4 Personen Robbe2 Personen M\u00f6we4 Personen 05.01.\u201331.03. 60 \u20ac 55 \u20ac 52 \u20ac 01.04.\u201330.06. 72 \u20ac 68 \u20ac 62 \u20ac 01.07.\u201331.08. 90 \u20ac 85 \u20ac 77 \u20ac 01.09.\u201331.10. 72 \u20ac 68 \u20ac 62 \u20ac 01.11.\u201321.12. 60&hellip;","_links":{"self":[{"href":"https:\/\/friedrichskoogfewo.de\/nordsee\/wp-json\/wp\/v2\/pages\/1288","targetHints":{"allow":["GET"]}}],"collection":[{"href":"https:\/\/friedrichskoogfewo.de\/nordsee\/wp-json\/wp\/v2\/pages"}],"about":[{"href":"https:\/\/friedrichskoogfewo.de\/nordsee\/wp-json\/wp\/v2\/types\/page"}],"author":[{"embeddable":true,"href":"https:\/\/friedrichskoogfewo.de\/nordsee\/wp-json\/wp\/v2\/users\/1"}],"replies":[{"embeddable":true,"href":"https:\/\/friedrichskoogfewo.de\/nordsee\/wp-json\/wp\/v2\/comments?post=1288"}],"version-history":[{"count":10,"href":"https:\/\/friedrichskoogfewo.de\/nordsee\/wp-json\/wp\/v2\/pages\/1288\/revisions"}],"predecessor-version":[{"id":1423,"href":"https:\/\/friedrichskoogfewo.de\/nordsee\/wp-json\/wp\/v2\/pages\/1288\/revisions\/1423"}],"wp:featuredmedia":[{"embeddable":true,"href":"https:\/\/friedrichskoogfewo.de\/nordsee\/wp-json\/wp\/v2\/media\/213"}],"wp:attachment":[{"href":"https:\/\/friedrichskoogfewo.de\/nordsee\/wp-json\/wp\/v2\/media?parent=1288"}],"curies":[{"name":"wp","href":"https:\/\/api.w.org\/{rel}","templated":true}]}}