{"id":1349,"date":"2026-02-06T08:58:54","date_gmt":"2026-02-06T07:58:54","guid":{"rendered":"https:\/\/friedrichskoogfewo.de\/nordsee\/?page_id=1349"},"modified":"2026-02-11T23:18:48","modified_gmt":"2026-02-11T22:18:48","slug":"ferienwohnungen-am-wattenmeer","status":"publish","type":"page","link":"https:\/\/friedrichskoogfewo.de\/nordsee\/ferienwohnungen-am-wattenmeer\/","title":{"rendered":"Ferienwohnungen am Wattenmeer in Friedrichskoog"},"content":{"rendered":"\n<div class=\"wp-block-uagb-container uagb-block-20a52c19 alignfull uagb-is-root-container\"><div class=\"uagb-container-inner-blocks-wrap\"><\/div><\/div>\n\n\n\n<h2>Unsere Ferienwohnungen in Friedrichskoog<\/h2>\n\n<p>\nUnsere <strong>Nichtraucher-Ferienwohnungen<\/strong> \u00fcberzeugen durch ihre zeitgem\u00e4\u00dfe,\nfreundliche Einrichtung, eine durchdachte Raumaufteilung sowie eine gute Ausstattung.\nSie liegen ruhig am Ortsrand von Friedrichskoog \u2013 mitten in der\n<strong>alten Fischersiedlung<\/strong> \u2013 und bieten beste Voraussetzungen f\u00fcr einen\nerholsamen Nordseeurlaub.\n<\/p>\n\n<p>\nDer <strong>gro\u00dfe Garten<\/strong> l\u00e4dt zum Spielen, Entspannen und Verweilen ein.\nMitgebrachte Fahrr\u00e4der k\u00f6nnen sicher in einem <strong>abschlie\u00dfbaren Schuppen<\/strong>\nuntergestellt werden.\n<\/p>\n\n<p>\nEine <strong>Wallbox<\/strong> zum Laden von Elektrofahrzeugen steht auf Anfrage zur Verf\u00fcgung\n(38 ct\/kWh).\n<\/p>\n\n<h3>Haustiere<\/h3>\n\n<p>\nGern kann unsere Wohnung <strong>\u201eRobbe\u201c<\/strong> auch von G\u00e4sten mit\n<strong>vierbeinigen Freunden<\/strong> gebucht werden.\n<\/p>\n\n<p>\nDie Wohnungen <strong>\u201eKrabbe\u201c<\/strong> und <strong>\u201eM\u00f6we\u201c<\/strong> sind\n<strong>haustierfrei<\/strong>.\n<\/p>\n\n<h3>Lage &amp; Umgebung<\/h3>\n\n<p>\nDie <strong>Seehundstation Friedrichskoog<\/strong> ist von unseren Ferienwohnungen aus\nin nur wenigen Minuten zu Fu\u00df erreichbar.\n<\/p>\n\n<p>\nIm Umkreis von ca. <strong>400 bis 800 Metern<\/strong> finden Sie:\n<\/p>\n\n<ul>\n  <li>Supermarkt<\/li>\n  <li>B\u00e4ckerei \/ Konditorei<\/li>\n  <li>Schlachter<\/li>\n  <li>Bistro und Fischgesch\u00e4ft<\/li>\n  <li>Fischrestaurant und weitere Restaurants<\/li>\n  <li>Fris\u00f6r<\/li>\n  <li>Kirche<\/li>\n<\/ul>\n\n<p>\nAuch <strong>Reitm\u00f6glichkeiten<\/strong> werden von umliegenden H\u00f6fen angeboten.\n<\/p>\n\n<h3>Strand &amp; Kurpark<\/h3>\n\n<p>\nDer <strong>neue Badestrand in Friedrichskoog Spitze<\/strong> mit dem modern gestalteten\n<strong>Kurpark<\/strong> ist ca. <strong>4,5 km<\/strong> entfernt und bequem \u00fcber einen Radweg\nvor dem Deich durch den Nationalpark erreichbar.\n<\/p>\n\n<p>\nHier erwarten Sie gro\u00dfz\u00fcgige Gr\u00fcnfl\u00e4chen, Spiel- und Erholungsbereiche sowie ein\nattraktiver Strandabschnitt mit Blick auf die Nordsee.\n<\/p>\n\n<h3>Wellness, Aktivurlaub &amp; Ausfl\u00fcge<\/h3>\n\n<p>\nF\u00fcr Kur- und Wellnessg\u00e4ste befindet sich das\n<strong>Gesundheits- und Therapiezentrum<\/strong> nur wenige Minuten entfernt und bietet\nein umfangreiches Angebot rund um Kur, Therapie und Entspannung.\n<\/p>\n\n<p>\nBeliebte Ausflugsziele wie <strong>B\u00fcsum<\/strong>, <strong>T\u00f6nning<\/strong> oder\n<strong>Friedrichstadt<\/strong> sowie Sehensw\u00fcrdigkeiten wie der\n<strong>Nord-Ostsee-Kanal<\/strong>, das <strong>Multimar Wattforum<\/strong> oder der\n<strong>Steinzeitpark Dithmarschen<\/strong> sind dank guter Verkehrsanbindungen schnell\nmit dem Auto oder Fahrrad erreichbar.\n<\/p>\n\n<p>\nBei <strong>Janin und Steffen von\n<a href=\"https:\/\/www.nordseewindsport.de\/\" target=\"_blank\" rel=\"noopener\">\nNordseewindsport\n<\/a><\/strong>\nk\u00f6nnen Sie Kitesurfen oder Wingfoiling erlernen.\nDie Kurse starten nach Absprache in der\n<strong>Meldorfer Bucht<\/strong>.\n<\/p>\n\n<p>\n<strong>Ob Erholung oder Aktivurlaub<\/strong> \u2013 bei uns findet jeder Gast das Richtige.\nDie einzigartige K\u00fcstenlandschaft, das Wattenmeer und die norddeutsche Kultur laden\nzu ausgedehnten Spazierg\u00e4ngen, Radtouren und abwechslungsreichen Tagesausfl\u00fcgen ein.\n<\/p>\n\n\n\n<div class=\"wp-block-uagb-buttons uagb-buttons__outer-wrap uagb-btn__default-btn uagb-btn-tablet__default-btn uagb-btn-mobile__default-btn uagb-block-a7b91a77\"><div class=\"uagb-buttons__wrap uagb-buttons-layout-wrap \">\n<div class=\"wp-block-uagb-buttons-child uagb-buttons__outer-wrap uagb-block-f7ae6360 wp-block-button\"><div class=\"uagb-button__wrapper\"><a class=\"uagb-buttons-repeater wp-block-button__link\" aria-label=\"\" href=\"javascript:history.back()\" rel=\"follow noopener\" target=\"_self\" role=\"button\"><div class=\"uagb-button__link\">Zur\u00fcck<\/div><\/a><\/div><\/div>\n<\/div><\/div>\n\n\n\n<div class=\"wp-block-uagb-container custom-footer uagb-block-8975afc3 alignfull uagb-is-root-container\"><div class=\"uagb-container-inner-blocks-wrap\">\n<div class=\"footer-links\">\n  <a href=\"\/impressum\">Kontakt \/ Impressum<\/a> |\n  <a href=\"\/agb\">AGB<\/a> |\n  <a href=\"mailto:buchungen@friedrichskoogfewo.de\">buchungen@friedrichskoogfewo.de<\/a><br>\n<\/div>\n<div class=\"footer-copy\">\n  \u00a9 2026 Ferienwohnungen am Wattenmeer\n<\/div>\n<\/div><\/div>\n\n\n\n<p><\/p>\n","protected":false},"excerpt":{"rendered":"<p>Unsere Ferienwohnungen in Friedrichskoog Unsere Nichtraucher-Ferienwohnungen \u00fcberzeugen durch ihre zeitgem\u00e4\u00dfe, freundliche Einrichtung, eine durchdachte Raumaufteilung sowie eine gute Ausstattung. Sie liegen ruhig am Ortsrand von Friedrichskoog \u2013 mitten in der alten Fischersiedlung \u2013 und bieten beste Voraussetzungen f\u00fcr einen erholsamen Nordseeurlaub. Der gro\u00dfe Garten l\u00e4dt zum Spielen, Entspannen und Verweilen ein. Mitgebrachte Fahrr\u00e4der k\u00f6nnen sicher [&hellip;]<\/p>\n","protected":false},"author":1,"featured_media":843,"parent":0,"menu_order":0,"comment_status":"closed","ping_status":"closed","template":"blank","meta":{"_uag_custom_page_level_css":"","footnotes":""},"class_list":["post-1349","page","type-page","status-publish","has-post-thumbnail","hentry"],"yoast_head":"<!-- This site is optimized with the Yoast SEO plugin v27.4 - https:\/\/yoast.com\/product\/yoast-seo-wordpress\/ -->\n<title>Ferienwohnungen am Wattenmeer in Friedrichskoog - Ferienwohnungen am Wattenmeer<\/title>\n<meta name=\"description\" content=\"Unsere Ferienwohnungen am Wattenmeer in Friedrichskoog liegen ruhig mit gro\u00dfem Garten und guter Ausstattung. Ideal f\u00fcr Familien, Paare &amp; Hund\" \/>\n<meta name=\"robots\" content=\"index, follow, max-snippet:-1, max-image-preview:large, max-video-preview:-1\" \/>\n<link rel=\"canonical\" href=\"https:\/\/friedrichskoogfewo.de\/nordsee\/ferienwohnungen-am-wattenmeer\/\" \/>\n<meta property=\"og:locale\" content=\"de_DE\" \/>\n<meta property=\"og:type\" content=\"article\" \/>\n<meta property=\"og:title\" content=\"Ferienwohnungen am Wattenmeer in Friedrichskoog - Ferienwohnungen am Wattenmeer\" \/>\n<meta property=\"og:description\" content=\"Unsere Ferienwohnungen am Wattenmeer in Friedrichskoog liegen ruhig mit gro\u00dfem Garten und guter Ausstattung. Ideal f\u00fcr Familien, Paare &amp; Hund\" \/>\n<meta property=\"og:url\" content=\"https:\/\/friedrichskoogfewo.de\/nordsee\/ferienwohnungen-am-wattenmeer\/\" \/>\n<meta property=\"og:site_name\" content=\"Ferienwohnungen am Wattenmeer\" \/>\n<meta property=\"article:modified_time\" content=\"2026-02-11T22:18:48+00:00\" \/>\n<meta property=\"og:image\" content=\"https:\/\/friedrichskoogfewo.de\/nordsee\/wp-content\/uploads\/2025\/06\/IMG_3350.jpg\" \/>\n\t<meta property=\"og:image:width\" content=\"1200\" \/>\n\t<meta property=\"og:image:height\" content=\"900\" \/>\n\t<meta property=\"og:image:type\" content=\"image\/jpeg\" \/>\n<meta name=\"twitter:card\" content=\"summary_large_image\" \/>\n<meta name=\"twitter:label1\" content=\"Gesch\u00e4tzte Lesezeit\" \/>\n\t<meta name=\"twitter:data1\" content=\"2\u00a0Minuten\" \/>\n<script type=\"application\/ld+json\" class=\"yoast-schema-graph\">{\"@context\":\"https:\\\/\\\/schema.org\",\"@graph\":[{\"@type\":\"WebPage\",\"@id\":\"https:\\\/\\\/friedrichskoogfewo.de\\\/nordsee\\\/ferienwohnungen-am-wattenmeer\\\/\",\"url\":\"https:\\\/\\\/friedrichskoogfewo.de\\\/nordsee\\\/ferienwohnungen-am-wattenmeer\\\/\",\"name\":\"Ferienwohnungen am Wattenmeer in Friedrichskoog - Ferienwohnungen am Wattenmeer\",\"isPartOf\":{\"@id\":\"https:\\\/\\\/friedrichskoogfewo.de\\\/nordsee\\\/#website\"},\"primaryImageOfPage\":{\"@id\":\"https:\\\/\\\/friedrichskoogfewo.de\\\/nordsee\\\/ferienwohnungen-am-wattenmeer\\\/#primaryimage\"},\"image\":{\"@id\":\"https:\\\/\\\/friedrichskoogfewo.de\\\/nordsee\\\/ferienwohnungen-am-wattenmeer\\\/#primaryimage\"},\"thumbnailUrl\":\"https:\\\/\\\/friedrichskoogfewo.de\\\/nordsee\\\/wp-content\\\/uploads\\\/2025\\\/06\\\/IMG_3350.jpg\",\"datePublished\":\"2026-02-06T07:58:54+00:00\",\"dateModified\":\"2026-02-11T22:18:48+00:00\",\"description\":\"Unsere Ferienwohnungen am Wattenmeer in Friedrichskoog liegen ruhig mit gro\u00dfem Garten und guter Ausstattung. Ideal f\u00fcr Familien, Paare & Hund\",\"breadcrumb\":{\"@id\":\"https:\\\/\\\/friedrichskoogfewo.de\\\/nordsee\\\/ferienwohnungen-am-wattenmeer\\\/#breadcrumb\"},\"inLanguage\":\"de\",\"potentialAction\":[{\"@type\":\"ReadAction\",\"target\":[\"https:\\\/\\\/friedrichskoogfewo.de\\\/nordsee\\\/ferienwohnungen-am-wattenmeer\\\/\"]}]},{\"@type\":\"ImageObject\",\"inLanguage\":\"de\",\"@id\":\"https:\\\/\\\/friedrichskoogfewo.de\\\/nordsee\\\/ferienwohnungen-am-wattenmeer\\\/#primaryimage\",\"url\":\"https:\\\/\\\/friedrichskoogfewo.de\\\/nordsee\\\/wp-content\\\/uploads\\\/2025\\\/06\\\/IMG_3350.jpg\",\"contentUrl\":\"https:\\\/\\\/friedrichskoogfewo.de\\\/nordsee\\\/wp-content\\\/uploads\\\/2025\\\/06\\\/IMG_3350.jpg\",\"width\":1200,\"height\":900,\"caption\":\"Familienfreundliche Ferienwohnungen, gro\u00dfer Garten\"},{\"@type\":\"BreadcrumbList\",\"@id\":\"https:\\\/\\\/friedrichskoogfewo.de\\\/nordsee\\\/ferienwohnungen-am-wattenmeer\\\/#breadcrumb\",\"itemListElement\":[{\"@type\":\"ListItem\",\"position\":1,\"name\":\"Start\",\"item\":\"https:\\\/\\\/friedrichskoogfewo.de\\\/nordsee\\\/\"},{\"@type\":\"ListItem\",\"position\":2,\"name\":\"Ferienwohnungen am Wattenmeer in Friedrichskoog\"}]},{\"@type\":\"WebSite\",\"@id\":\"https:\\\/\\\/friedrichskoogfewo.de\\\/nordsee\\\/#website\",\"url\":\"https:\\\/\\\/friedrichskoogfewo.de\\\/nordsee\\\/\",\"name\":\"Ferienwohnungen am Wattenmeer-Ferien an der Nordsee-Auch mit Hund\",\"description\":\"Urlaub an der Nordsee \u2013 auch mit Hund\",\"publisher\":{\"@id\":\"https:\\\/\\\/friedrichskoogfewo.de\\\/nordsee\\\/#organization\"},\"potentialAction\":[{\"@type\":\"SearchAction\",\"target\":{\"@type\":\"EntryPoint\",\"urlTemplate\":\"https:\\\/\\\/friedrichskoogfewo.de\\\/nordsee\\\/?s={search_term_string}\"},\"query-input\":{\"@type\":\"PropertyValueSpecification\",\"valueRequired\":true,\"valueName\":\"search_term_string\"}}],\"inLanguage\":\"de\"},{\"@type\":\"Organization\",\"@id\":\"https:\\\/\\\/friedrichskoogfewo.de\\\/nordsee\\\/#organization\",\"name\":\"Ferienwohnungen am Wattenmeer\",\"url\":\"https:\\\/\\\/friedrichskoogfewo.de\\\/nordsee\\\/\",\"logo\":{\"@type\":\"ImageObject\",\"inLanguage\":\"de\",\"@id\":\"https:\\\/\\\/friedrichskoogfewo.de\\\/nordsee\\\/#\\\/schema\\\/logo\\\/image\\\/\",\"url\":\"https:\\\/\\\/friedrichskoogfewo.de\\\/nordsee\\\/wp-content\\\/uploads\\\/2025\\\/07\\\/Logo-Ferienwohnungen-am-Wattenmeer.png\",\"contentUrl\":\"https:\\\/\\\/friedrichskoogfewo.de\\\/nordsee\\\/wp-content\\\/uploads\\\/2025\\\/07\\\/Logo-Ferienwohnungen-am-Wattenmeer.png\",\"width\":1200,\"height\":800,\"caption\":\"Ferienwohnungen am Wattenmeer\"},\"image\":{\"@id\":\"https:\\\/\\\/friedrichskoogfewo.de\\\/nordsee\\\/#\\\/schema\\\/logo\\\/image\\\/\"}}]}<\/script>\n<!-- \/ Yoast SEO plugin. -->","yoast_head_json":{"title":"Ferienwohnungen am Wattenmeer in Friedrichskoog - Ferienwohnungen am Wattenmeer","description":"Unsere Ferienwohnungen am Wattenmeer in Friedrichskoog liegen ruhig mit gro\u00dfem Garten und guter Ausstattung. Ideal f\u00fcr Familien, Paare & Hund","robots":{"index":"index","follow":"follow","max-snippet":"max-snippet:-1","max-image-preview":"max-image-preview:large","max-video-preview":"max-video-preview:-1"},"canonical":"https:\/\/friedrichskoogfewo.de\/nordsee\/ferienwohnungen-am-wattenmeer\/","og_locale":"de_DE","og_type":"article","og_title":"Ferienwohnungen am Wattenmeer in Friedrichskoog - Ferienwohnungen am Wattenmeer","og_description":"Unsere Ferienwohnungen am Wattenmeer in Friedrichskoog liegen ruhig mit gro\u00dfem Garten und guter Ausstattung. Ideal f\u00fcr Familien, Paare & Hund","og_url":"https:\/\/friedrichskoogfewo.de\/nordsee\/ferienwohnungen-am-wattenmeer\/","og_site_name":"Ferienwohnungen am Wattenmeer","article_modified_time":"2026-02-11T22:18:48+00:00","og_image":[{"width":1200,"height":900,"url":"https:\/\/friedrichskoogfewo.de\/nordsee\/wp-content\/uploads\/2025\/06\/IMG_3350.jpg","type":"image\/jpeg"}],"twitter_card":"summary_large_image","twitter_misc":{"Gesch\u00e4tzte Lesezeit":"2\u00a0Minuten"},"schema":{"@context":"https:\/\/schema.org","@graph":[{"@type":"WebPage","@id":"https:\/\/friedrichskoogfewo.de\/nordsee\/ferienwohnungen-am-wattenmeer\/","url":"https:\/\/friedrichskoogfewo.de\/nordsee\/ferienwohnungen-am-wattenmeer\/","name":"Ferienwohnungen am Wattenmeer in Friedrichskoog - Ferienwohnungen am Wattenmeer","isPartOf":{"@id":"https:\/\/friedrichskoogfewo.de\/nordsee\/#website"},"primaryImageOfPage":{"@id":"https:\/\/friedrichskoogfewo.de\/nordsee\/ferienwohnungen-am-wattenmeer\/#primaryimage"},"image":{"@id":"https:\/\/friedrichskoogfewo.de\/nordsee\/ferienwohnungen-am-wattenmeer\/#primaryimage"},"thumbnailUrl":"https:\/\/friedrichskoogfewo.de\/nordsee\/wp-content\/uploads\/2025\/06\/IMG_3350.jpg","datePublished":"2026-02-06T07:58:54+00:00","dateModified":"2026-02-11T22:18:48+00:00","description":"Unsere Ferienwohnungen am Wattenmeer in Friedrichskoog liegen ruhig mit gro\u00dfem Garten und guter Ausstattung. Ideal f\u00fcr Familien, Paare & Hund","breadcrumb":{"@id":"https:\/\/friedrichskoogfewo.de\/nordsee\/ferienwohnungen-am-wattenmeer\/#breadcrumb"},"inLanguage":"de","potentialAction":[{"@type":"ReadAction","target":["https:\/\/friedrichskoogfewo.de\/nordsee\/ferienwohnungen-am-wattenmeer\/"]}]},{"@type":"ImageObject","inLanguage":"de","@id":"https:\/\/friedrichskoogfewo.de\/nordsee\/ferienwohnungen-am-wattenmeer\/#primaryimage","url":"https:\/\/friedrichskoogfewo.de\/nordsee\/wp-content\/uploads\/2025\/06\/IMG_3350.jpg","contentUrl":"https:\/\/friedrichskoogfewo.de\/nordsee\/wp-content\/uploads\/2025\/06\/IMG_3350.jpg","width":1200,"height":900,"caption":"Familienfreundliche Ferienwohnungen, gro\u00dfer Garten"},{"@type":"BreadcrumbList","@id":"https:\/\/friedrichskoogfewo.de\/nordsee\/ferienwohnungen-am-wattenmeer\/#breadcrumb","itemListElement":[{"@type":"ListItem","position":1,"name":"Start","item":"https:\/\/friedrichskoogfewo.de\/nordsee\/"},{"@type":"ListItem","position":2,"name":"Ferienwohnungen am Wattenmeer in Friedrichskoog"}]},{"@type":"WebSite","@id":"https:\/\/friedrichskoogfewo.de\/nordsee\/#website","url":"https:\/\/friedrichskoogfewo.de\/nordsee\/","name":"Ferienwohnungen am Wattenmeer-Ferien an der Nordsee-Auch mit Hund","description":"Urlaub an der Nordsee \u2013 auch mit Hund","publisher":{"@id":"https:\/\/friedrichskoogfewo.de\/nordsee\/#organization"},"potentialAction":[{"@type":"SearchAction","target":{"@type":"EntryPoint","urlTemplate":"https:\/\/friedrichskoogfewo.de\/nordsee\/?s={search_term_string}"},"query-input":{"@type":"PropertyValueSpecification","valueRequired":true,"valueName":"search_term_string"}}],"inLanguage":"de"},{"@type":"Organization","@id":"https:\/\/friedrichskoogfewo.de\/nordsee\/#organization","name":"Ferienwohnungen am Wattenmeer","url":"https:\/\/friedrichskoogfewo.de\/nordsee\/","logo":{"@type":"ImageObject","inLanguage":"de","@id":"https:\/\/friedrichskoogfewo.de\/nordsee\/#\/schema\/logo\/image\/","url":"https:\/\/friedrichskoogfewo.de\/nordsee\/wp-content\/uploads\/2025\/07\/Logo-Ferienwohnungen-am-Wattenmeer.png","contentUrl":"https:\/\/friedrichskoogfewo.de\/nordsee\/wp-content\/uploads\/2025\/07\/Logo-Ferienwohnungen-am-Wattenmeer.png","width":1200,"height":800,"caption":"Ferienwohnungen am Wattenmeer"},"image":{"@id":"https:\/\/friedrichskoogfewo.de\/nordsee\/#\/schema\/logo\/image\/"}}]}},"uagb_featured_image_src":{"full":["https:\/\/friedrichskoogfewo.de\/nordsee\/wp-content\/uploads\/2025\/06\/IMG_3350.jpg",1200,900,false],"thumbnail":["https:\/\/friedrichskoogfewo.de\/nordsee\/wp-content\/uploads\/2025\/06\/IMG_3350-150x150.jpg",150,150,true],"medium":["https:\/\/friedrichskoogfewo.de\/nordsee\/wp-content\/uploads\/2025\/06\/IMG_3350-300x225.jpg",300,225,true],"medium_large":["https:\/\/friedrichskoogfewo.de\/nordsee\/wp-content\/uploads\/2025\/06\/IMG_3350-768x576.jpg",768,576,true],"large":["https:\/\/friedrichskoogfewo.de\/nordsee\/wp-content\/uploads\/2025\/06\/IMG_3350-1024x768.jpg",1024,768,true],"1536x1536":["https:\/\/friedrichskoogfewo.de\/nordsee\/wp-content\/uploads\/2025\/06\/IMG_3350.jpg",1200,900,false],"2048x2048":["https:\/\/friedrichskoogfewo.de\/nordsee\/wp-content\/uploads\/2025\/06\/IMG_3350.jpg",1200,900,false]},"uagb_author_info":{"display_name":"Marcus","author_link":"https:\/\/friedrichskoogfewo.de\/nordsee\/author\/marcus\/"},"uagb_comment_info":0,"uagb_excerpt":"Unsere Ferienwohnungen in Friedrichskoog Unsere Nichtraucher-Ferienwohnungen \u00fcberzeugen durch ihre zeitgem\u00e4\u00dfe, freundliche Einrichtung, eine durchdachte Raumaufteilung sowie eine gute Ausstattung. Sie liegen ruhig am Ortsrand von Friedrichskoog \u2013 mitten in der alten Fischersiedlung \u2013 und bieten beste Voraussetzungen f\u00fcr einen erholsamen Nordseeurlaub. Der gro\u00dfe Garten l\u00e4dt zum Spielen, Entspannen und Verweilen ein. Mitgebrachte Fahrr\u00e4der k\u00f6nnen sicher&hellip;","_links":{"self":[{"href":"https:\/\/friedrichskoogfewo.de\/nordsee\/wp-json\/wp\/v2\/pages\/1349","targetHints":{"allow":["GET"]}}],"collection":[{"href":"https:\/\/friedrichskoogfewo.de\/nordsee\/wp-json\/wp\/v2\/pages"}],"about":[{"href":"https:\/\/friedrichskoogfewo.de\/nordsee\/wp-json\/wp\/v2\/types\/page"}],"author":[{"embeddable":true,"href":"https:\/\/friedrichskoogfewo.de\/nordsee\/wp-json\/wp\/v2\/users\/1"}],"replies":[{"embeddable":true,"href":"https:\/\/friedrichskoogfewo.de\/nordsee\/wp-json\/wp\/v2\/comments?post=1349"}],"version-history":[{"count":7,"href":"https:\/\/friedrichskoogfewo.de\/nordsee\/wp-json\/wp\/v2\/pages\/1349\/revisions"}],"predecessor-version":[{"id":1565,"href":"https:\/\/friedrichskoogfewo.de\/nordsee\/wp-json\/wp\/v2\/pages\/1349\/revisions\/1565"}],"wp:featuredmedia":[{"embeddable":true,"href":"https:\/\/friedrichskoogfewo.de\/nordsee\/wp-json\/wp\/v2\/media\/843"}],"wp:attachment":[{"href":"https:\/\/friedrichskoogfewo.de\/nordsee\/wp-json\/wp\/v2\/media?parent=1349"}],"curies":[{"name":"wp","href":"https:\/\/api.w.org\/{rel}","templated":true}]}}